Calculate n(z).
6
Let o(x) = x - 6. Suppose 70 = -14*z - 0. Give o(z).
-11
Let f(q) = 7*q - 5. Let d(m) = m - 3. Let i(s) = -2*d(s) + f(s). Calculate i(1).
6
Let z(r) = 2*r + 61. Let s be z(-28). Let m(c) = c**3 - 5*c**2 + 2*c - 7. What is m(s)?
3
Let a = -73 - -82. Let z(y) = -2*y + 3*y - 9 + a. Give z(-4).
-4
Let x(s) = -8*s**3 + s**2 - 2*s + 1. Suppose -4*c = 4*o, 2*c = o - 2 - 1. Determine x(o).
-8
Let k(z) = z**2 + z - 1. Suppose 14*f + 6 = -218. Let r(j) = -j**2 - 17*j - 14. Let o be r(f). Determine k(o).
5
Let r(p) be the first derivative of 19*p**3 - p**2/2 + p + 425. What is r(1)?
57
Let y(m) be the second derivative of m**5/20 + m**4/3 + m**3/6 - 305*m. Let d = 4 - 3. Let x be (1 - 2)*(d + 2). What is y(x)?
6
Let l(z) be the third derivative of 0*z + 0 + 0*z**3 + 2*z**2 - 7/24*z**4. Let r = -50 + 49. Calculate l(r).
7
Let g = 52 + -52. Let m(a) = -a**2 + a + 22. Determine m(g).
22
Let d(o) = -o**2 + 1. Let h(s) = 7*s**2 - 7*s + 3. Let w(n) = -6*d(n) - h(n). Let i be w(3). Let q(c) = -c**2 - c + 1. What is q(i)?
-11
Let j(c) be the second derivative of -c**4/12 + 13*c**3/6 - 23*c**2/2 - 31*c. Let k be j(10). Let a(l) = l**3 - 7*l**2. Give a(k).
0
Suppose 6*h = 8*h + 12. Let n(q) = -2*q - 11. Let y be n(h). Let t(l) = 9*l. Give t(y).
9
Let q(t) = -t**3 + t**2 + t + 10. Let f be ((-36)/21)/((-1)/14). Let z = f + -24. Give q(z).
10
Suppose 68*v = 66*v - 16. Let b(g) = -2*g - 2. Determine b(v).
14
Let z(f) = -2*f**2 - 3. Let l(k) = -k**3 + 7*k**2 - 3*k - 15. Let i be l(6). Calculate z(i).
-21
Let d(l) = l**2 - 5*l - 8. Let y(a) = 1 + 3 - 5 - a + 4. Let x be y(3). Suppose 4*n - 4*u - 16 = -x*n, 3*n + 2*u = 22. Calculate d(n).
-2
Suppose -5*h + 152 = -4*k, -2*k - h - 52 = 24. Let v = k - -39. Let m(y) = 15*y**3 - 1. What is m(v)?
14
Let g(c) be the first derivative of -2*c**3/3 + 5*c**2/2 - 5*c - 415. What is g(4)?
-17
Let t(u) = 2*u**2 - 7*u - 2. Let w be (-7 - -5)/((-6)/9). Suppose 5*g - 8*g = -4*r + 1, 0 = w*g - 5*r + 5. Calculate t(g).
13
Suppose t = 2*n - t + 2, -t = -3. Suppose -1 = n*l - l. Let w(z) be the first derivative of -2*z**4 - z**2/2 - z + 3. Calculate w(l).
8
Let a(y) be the first derivative of -y**2/2 - 2*y - 1147. Suppose -3*r + 6 = -6*r. What is a(r)?
0
Let w(m) = -m**2 - 11*m - 23. Let s be ((-6)/(-4))/((-21)/126). Calculate w(s).
-5
Let g(h) = -h - 14. Suppose 3*m = 4*v + 4*m + 180, 4*v + 3*m + 188 = 0. Let y = 35 + v. Calculate g(y).
-5
Let n(c) = -c**2 + c + 1. Let g = 23 + -22. Let f(l) = l**2 + 8*l + 12. Let x(w) = g*f(w) + 2*n(w). Calculate x(11).
3
Let v(a) = 3*a**3 + 13*a**2 - a + 9. Let h(b) = -2*b**3 - 6*b**2 + b - 4. Let c(o) = -5*h(o) - 3*v(o). Determine c(9).
-25
Let x = 262 - 252. Let y(u) = u**3 - 9*u**2 - 10*u - 10. Calculate y(x).
-10
Let t(d) = -6*d + 23. Let f(a) = -2*a + 8. Let m(r) = -17*f(r) + 6*t(r). Let v(p) = -p**3 - 48*p**2 - 89*p + 140. Let s be v(-46). What is m(s)?
-2
Let j(n) be the second derivative of 1/12*n**4 - 5/6*n**3 + 0 - 4*n**2 - 19*n. Give j(7).
6
Let v(j) = j**3 - 8*j**2 - 10*j - 10. Suppose 0 = -5*u + 43 + 2. What is v(u)?
-19
Let o(w) = -14*w**2 - w + 1. Let s be o(1). Let x = -61 + 47. Let b = s - x. Let q(m) = -m - 6. Determine q(b).
-6
Let g(v) = -v**3 + 7*v**2 + v - 4. Let u be g(7). Let q(p) be the first derivative of -p**2 - 6 + 1/3*p**3 - 2*p. Give q(u).
1
Let c(y) = -y**3 + 4*y**2 - 3*y + 4. Let w(j) = j - 6. Let s be w(8). Let p be (s/(-8))/((-8)/96). Suppose 3*o - 12 = -p. Determine c(o).
4
Let p(g) be the third derivative of -5/24*g**4 + 0*g + 0 + 0*g**3 - 1/180*g**6 + 0*g**5 - 5*g**2. Let i(d) be the second derivative of p(d). Give i(-1).
4
Suppose 12*d - 11*d + 24 = 4*t, -24 = -4*t - 4*d. Let s(y) be the third derivative of y**6/120 - y**5/12 - 7*y**4/24 - y**3/6 + y**2. What is s(t)?
-7
Suppose -5*q + 17 + 18 = 3*d, -4*d + 5*q = 0. Let v(k) = -k**3 + 6*k**2 - 3*k - 8. What is v(d)?
2
Let o(c) = -65 + 28 + 2*c + 33. What is o(-7)?
-18
Let p(z) = 8*z**3 - 57*z**2 + 162*z + 54. Let i(w) = 3*w**3 - 19*w**2 + 55*w + 18. Let v(l) = 11*i(l) - 4*p(l). Calculate v(-21).
3
Let s(b) = 2 + 10*b**2 + 3*b**2 + 0*b - b**3 - 12*b. Suppose -27*d - 75 = 16*d - 591. Calculate s(d).
2
Let f(h) = -h**3 - 4*h**2 - h + 1. Let u = 140 + -84. Let k = 52 - u. Calculate f(k).
5
Let q(i) be the third derivative of 3/20*i**5 - 1/12*i**4 + 1/6*i**3 + 0*i + 0 - 6*i**2. Let u be (-1)/(-4) - (-12)/16. Determine q(u).
8
Let n = -15 + 17. Let h(w) = -3*w**2 + 6*w**2 - 4*w**n - 5*w + 10. Give h(-7).
-4
Suppose 8 = 2*p - b, -12 = 2*p - 5*p + 4*b. Suppose 0 = 5*t + 5*l + 170, -p*l - 167 = 3*t + 2*t. Let r = t + 24. Let m(a) = -a + 1. Determine m(r).
8
Suppose -30 = 4*j - 9*j. Let w(u) = -7 + 2*u - j + 12. Let n(b) = -3*b - 4. Let p be n(-3). What is w(p)?
9
Suppose 8 + 24 = 8*f. Suppose 0 = -f*p + 4, p = 3*r - r + 11. Let o(k) = -k**3 - 5*k**2 + k + 2. Calculate o(r).
-3
Let b(v) be the first derivative of 5*v**2/2 - v + 30. Calculate b(-3).
-16
Let c(j) = -1 + 144*j**3 + 2*j**2 - 71*j**3 - 76*j**3. What is c(1)?
-2
Let q(g) = -1 - 7*g**3 - 7*g + 6*g**2 + 10 + 4*g**2. Let c(x) = 3*x**3 - 5*x**2 + 3*x - 5. Let y(b) = 5*c(b) + 2*q(b). Determine y(5).
-2
Let i = 228 - 227. Let k(n) = -7*n + 2. Let q(u) = -14*u + 3. Let p(l) = -5*k(l) + 3*q(l). What is p(i)?
-8
Let w be (-72)/4 - (-2)/((-16)/(-8)). Let u(q) = q**3 + 16*q**2 - 17*q - 7. Determine u(w).
-7
Let v(q) be the first derivative of q**2 + 13*q - 211. Give v(-6).
1
Let l(w) = -387 - 4*w + 131 + 131 + 126. Calculate l(-5).
21
Let z(p) be the first derivative of -p**3/3 - p**2 + 3*p + 176. Let g be -3*(0 + -2 - -1). Suppose 5*n + 22 = 2*c + 3, -g*c = 2*n. What is z(c)?
-5
Let h(q) = q + 27593 - 27593. Let c(j) = -j**3 - 4*j**2 - 3*j. Suppose -3*p = 5*w + 1, -5*w - 4 = -2*p + 12. Let r be c(w). Calculate h(r).
-2
Let r(o) be the first derivative of -o**2 - 29*o + 124. Determine r(-12).
-5
Let a(n) = 4*n**3 + 2*n**2 - 1. Suppose 2*f + 4*x = f - 5, 4*f = -4*x - 8. Let d = f - -2. Determine a(d).
5
Let z = 70 + -45. Suppose -z*y = -29*y + 4. Let x(q) = -2*q**3 - y - 3*q**2 + 4*q**3 + 4*q**3 - 5*q**3 - 4*q. Calculate x(4).
-1
Let v(b) = -b**2 + 0 - 6 + 6. Let r(u) = -3*u**2 - 2*u - 5. Let w(x) = r(x) - 4*v(x). What is w(4)?
3
Let k(n) = -n + 3*n + 12 - 4*n. Let h = 9 - 6. Let o be (-377)/(-52) + h/4. What is k(o)?
-4
Let y(f) be the second derivative of f**2/2 - 2*f. Let m(w) = 2*w + 4. Let o(b) = -m(b) + 5*y(b). Suppose 2*v + 20 = -87*p + 82*p, 0 = 2*p + 12. What is o(v)?
-9
Suppose 3*j = 5*m + 3, j - 3*j - 8 = 0. Let o(n) = 2*n - 5*n - n + 2*n + 3 - n**2. Determine o(m).
0
Let v(r) = -9*r**3 + 5*r**2 - 18*r + 2. Let f(t) = -11*t**3 + 4*t**2 - 17*t. Let s(m) = 5*f(m) - 6*v(m). Determine s(-12).
0
Let d(f) = -11*f - 1 + f - 3996*f**2 + 3997*f**2 - 1. Give d(11).
9
Let h(c) = -84*c**2 + 3 + 143*c**2 - 6*c - 58*c**2. Calculate h(5).
-2
Suppose d = -0*d - 6. Let b(h) = 5*h + 8. Let r(a) = 9*a + 15. Let o = -20 - -31. Let c(u) = d*r(u) + o*b(u). Calculate c(6).
4
Let m(c) = c**3 - 6*c**2 - 6*c - 5. Let k be (-2 - 2/6)/(2/(-6)). Calculate m(k).
2
Let m(n) be the first derivative of n**4/4 - 5*n**3/3 + 5*n**2/2 - 4*n + 69. What is m(4)?
0
Let z be 1 - 1 - (-8 - 2). Suppose 0 = -7*s + z*s - 3. Let m(p) = -4 + 5*p - s + p**3 + 2*p - 6*p**2 + 0*p. Give m(5).
5
Let j = 13 + -11. Let i be (-6 + 5)/((-2)/j). Let l(g) = g**3 + g. Let b(x) = 2*x**3 + 3*x**2 + 8*x + 2. Let w(f) = i*b(f) - 3*l(f). Determine w(4).
6
Suppose -z - 5*q + 36 = 2*z, 0 = 3*q. Let j = -10 + z. Let m(d) = -2*d - 2. What is m(j)?
-6
Let y(o) = -1880 - o - o**2 + 10*o + 1886. Suppose -5*c + 5 = -2*f, -c = 3*f + 2*f - 55. What is y(f)?
-4
Suppose 0 = n + 4*m - 3, -20*n - 4*m = -25*n - 33. Let p(j) = 2*j**2 + 6*j + 6. Calculate p(n).
26
Let r be 1768/299 - (-6)/69. Let b(z) = -z**3 + 6*z**2 + 6. Calculate b(r).
6
Let j be (-1)/5 - 33/(-15). Suppose j*s - 4 = -2. Let v(z) be the first derivative of 2*z**4 + 2*z**3/3 - z**2 + z - 248. Determine v(s).
9
Let n(r) be the third derivative of 1 + 1/6*r**3 + 0*r + 1/24*r**4 + 1/20*r**5 + 1/120*r**6 - 2*r**2. Let t = -5 - -2. Determine n(t).
-2
Let p(t) = 8*t - t - 17 - 6*t. Let h be p(12). Let u(j) = j**3 + 4*j**2 - 4*j + 7. Determine u(h).
2
Let w(i) be the second derivative of i**5/60 + i**4/8 + i**3/6 - 15*i**2/2 - 17*i. Let h(v) be the first derivat